{"id":72,"date":"2025-02-10T15:42:28","date_gmt":"2025-02-10T14:42:28","guid":{"rendered":"http:\/\/2025.werkruum.ch\/?page_id=72"},"modified":"2025-02-16T07:10:06","modified_gmt":"2025-02-16T06:10:06","slug":"werkruum","status":"publish","type":"page","link":"https:\/\/werkruum.ch\/","title":{"rendered":"Home"},"content":{"rendered":"\n<h1 class=\"wp-block-heading\"><mark style=\"background-color:rgba(0, 0, 0, 0);color:#999999\" class=\"has-inline-color\">Willkommen auf meiner Homepage<\/mark><br><mark style=\"background-color:rgba(0, 0, 0, 0);color:#a8bf24\" class=\"has-inline-color\">Willkommen im WerkRuum<\/mark><\/h1>\n\n\n\n<p class=\"has-text-align-left\">In meiner<mark style=\"background-color:rgba(0, 0, 0, 0)\" class=\"has-inline-color has-black-color\"> <\/mark><strong><mark style=\"background-color:rgba(0, 0, 0, 0);color:#a8bf24\" class=\"has-inline-color\">Praxis f\u00fcr Mal-und Kunsttherapie<\/mark><\/strong> begleite und berate ich Sie w\u00e4hrend schwierigen Lebenssituationen, in Krisenzeiten, bei Verlusten, Traumafolgest\u00f6rungen, psychischen Problemen oder nach station\u00e4ren Klinikaufenthalten.<\/p>\n\n\n\n<p class=\"has-text-align-left\">In meinem <mark style=\"background-color:rgba(0, 0, 0, 0);color:#a8bf24\" class=\"has-inline-color\"><strong>Atelier<\/strong> <\/mark>lade ich Sie ein, in <strong><mark style=\"background-color:rgba(0, 0, 0, 0);color:#a8bf24\" class=\"has-inline-color\">verschiedenen Kursen oder im freien Atelier<\/mark><\/strong> neue Techniken und Materialien kennen zu lernen, sch\u00f6ne Dinge von Hand herzustellen oder in den Malgruppen mit Hilfe von Farben und Formen zu entspannen und sich selber n\u00e4her zu kommen.<br><\/p>\n\n\n\n<p class=\"has-text-align-left\">Ich freue mich, Sie im Werkruum begr\u00fcssen zu d\u00fcrfen.<\/p>\n\n\n\n<div style=\"height:524px\" aria-hidden=\"true\" class=\"wp-block-spacer\"><\/div>\n\n\n\n<p><\/p>\n\n\n\n<p><\/p>\n\n\n\n<p><\/p>\n","protected":false},"excerpt":{"rendered":"<p>Willkommen auf meiner HomepageWillkommen im WerkRuum In meiner Praxis f\u00fcr Mal-und Kunsttherapie begleite und berate ich Sie w\u00e4hrend schwierigen Lebenssituationen, in Krisenzeiten, bei Verlusten, Traumafolgest\u00f6rungen, psychischen Problemen oder nach station\u00e4ren Klinikaufenthalten. In meinem Atelier lade ich Sie ein, in verschiedenen Kursen oder im freien Atelier neue Techniken und Materialien kennen zu lernen, sch\u00f6ne Dinge von Hand herzustellen oder in den Malgruppen mit Hilfe von Farben und Formen zu entspannen und sich selber n\u00e4her zu kommen. Ich freue mich, Sie im Werkruum begr\u00fcssen zu d\u00fcrfen.<\/p>\n","protected":false},"author":1,"featured_media":0,"parent":0,"menu_order":0,"comment_status":"closed","ping_status":"closed","template":"","meta":{"footnotes":""},"class_list":["post-72","page","type-page","status-publish","hentry"],"_links":{"self":[{"href":"https:\/\/werkruum.ch\/index.php?rest_route=\/wp\/v2\/pages\/72","targetHints":{"allow":["GET"]}}],"collection":[{"href":"https:\/\/werkruum.ch\/index.php?rest_route=\/wp\/v2\/pages"}],"about":[{"href":"https:\/\/werkruum.ch\/index.php?rest_route=\/wp\/v2\/types\/page"}],"author":[{"embeddable":true,"href":"https:\/\/werkruum.ch\/index.php?rest_route=\/wp\/v2\/users\/1"}],"replies":[{"embeddable":true,"href":"https:\/\/werkruum.ch\/index.php?rest_route=%2Fwp%2Fv2%2Fcomments&post=72"}],"version-history":[{"count":29,"href":"https:\/\/werkruum.ch\/index.php?rest_route=\/wp\/v2\/pages\/72\/revisions"}],"predecessor-version":[{"id":260,"href":"https:\/\/werkruum.ch\/index.php?rest_route=\/wp\/v2\/pages\/72\/revisions\/260"}],"wp:attachment":[{"href":"https:\/\/werkruum.ch\/index.php?rest_route=%2Fwp%2Fv2%2Fmedia&parent=72"}],"curies":[{"name":"wp","href":"https:\/\/api.w.org\/{rel}","templated":true}]}}

<h1 class="wp-block-heading"><mark style="background-color:rgba(0, 0, 0, 0);color:#999999" class="has-inline-color">Willkommen auf meiner Homepage</mark><br><mark style="background-color:rgba(0, 0, 0, 0);color:#a8bf24" class="has-inline-color">Willkommen im WerkRuum</mark></h1>



<p class="has-text-align-left">In meiner<mark style="background-color:rgba(0, 0, 0, 0)" class="has-inline-color has-black-color"> </mark><strong><mark style="background-color:rgba(0, 0, 0, 0);color:#a8bf24" class="has-inline-color">Praxis für Mal-und Kunsttherapie</mark></strong> begleite und berate ich Sie während schwierigen Lebenssituationen, in Krisenzeiten, bei Verlusten, Traumafolgestörungen, psychischen Problemen oder nach stationären Klinikaufenthalten.</p>



<p class="has-text-align-left">In meinem <mark style="background-color:rgba(0, 0, 0, 0);color:#a8bf24" class="has-inline-color"><strong>Atelier</strong> </mark>lade ich Sie ein, in <strong><mark style="background-color:rgba(0, 0, 0, 0);color:#a8bf24" class="has-inline-color">verschiedenen Kursen oder im freien Atelier</mark></strong> neue Techniken und Materialien kennen zu lernen, schöne Dinge von Hand herzustellen oder in den Malgruppen mit Hilfe von Farben und Formen zu entspannen und sich selber näher zu kommen.<br></p>



<p class="has-text-align-left">Ich freue mich, Sie im Werkruum begrüssen zu dürfen.</p>



<div style="height:524px" aria-hidden="true" class="wp-block-spacer"></div>



<p></p>



<p></p>



<p></p>

<p>Willkommen auf meiner HomepageWillkommen im WerkRuum In meiner Praxis für Mal-und Kunsttherapie begleite und berate ich Sie während schwierigen Lebenssituationen, in Krisenzeiten, bei Verlusten, Traumafolgestörungen, psychischen Problemen oder nach stationären Klinikaufenthalten. In meinem Atelier lade ich Sie ein, in verschiedenen Kursen oder im freien Atelier neue Techniken und Materialien kennen zu lernen, schöne Dinge von Hand herzustellen oder in den Malgruppen mit Hilfe von Farben und Formen zu entspannen und sich selber näher zu kommen. Ich freue mich, Sie im Werkruum begrüssen zu dürfen.</p>
