{"id":200,"date":"2025-02-10T20:10:54","date_gmt":"2025-02-10T19:10:54","guid":{"rendered":"http:\/\/2025.werkruum.ch\/?page_id=200"},"modified":"2025-09-04T18:57:11","modified_gmt":"2025-09-04T16:57:11","slug":"mal-und-kunsttehrapie","status":"publish","type":"page","link":"https:\/\/werkruum.ch\/?page_id=200","title":{"rendered":"Mal &#8211; und Kunsttherapie"},"content":{"rendered":"\n<h1 class=\"wp-block-heading\"><mark style=\"background-color:rgba(0, 0, 0, 0);color:#a8bf24\" class=\"has-inline-color\">Maltherapie \u2013 Kunsttherapie was ist das?<\/mark><\/h1>\n\n\n\n<p class=\"has-text-align-left\">Die Kunsttherapie ist eine spezielle, wirksame Behandlungsmethode, die mit gestalterischen Ausdrucksmitteln kombiniert mit dem Gespr\u00e4ch, prozess- und ressourcenorientiert arbeitet.<\/p>\n\n\n\n<p class=\"has-text-align-left\">Die Sprache ist ein kraftvolles, effektives Instrument in der Therapie. Manchmal reichen Worte aber einfach nicht aus um auszudr\u00fccken, was uns bewegt. Manchmal sind unsere Gef\u00fchle und Emotionen, ist unser Befinden jenseits der Sprache, jenseits der Worte.<\/p>\n\n\n\n<p class=\"has-text-align-left\">Ich nenne die inneren Bilder, die sich beim Malen und Gestalten zeigen d\u00fcrfen, gerne die Sprache der Seele.<\/p>\n\n\n\n<p class=\"has-text-align-left\">In der Mal- und Gestaltungstherapie wird unser Unterbewusstsein angesprochen. Der Bauch meldet sich. Diese unbewussten Anteile des Menschen, die sich in einem Bild oder einem Objekt ausdr\u00fccken d\u00fcrfen, werden in den Therapieprozess mit einbezogen. Es k\u00f6nnen einschr\u00e4nkende Verhaltensmuster erkannt und reflektiert werden. Im gesch\u00fctzten Raum k\u00f6nnen sich neue L\u00f6sungsans\u00e4tze zeigen, bestehende Bilder und Vorstellungen k\u00f6nnen \u00fcberpr\u00fcft&nbsp; und neue Vorgehensweisen ge\u00fcbt werden.<\/p>\n\n\n\n<p class=\"has-text-align-left\">Maltherapie ist eine spielerische, kreative, immer wieder \u00fcberraschende&nbsp;und sehr sinnliche Therapieform zur Bearbeitung einschr\u00e4nkender Muster sowie Linderung von psychischen und somatischen Beschwerden.&nbsp;In der Maltherapie&nbsp;darf sich Unbewusstes zeigen und ausdr\u00fccken. Was Ausdruck findet, kann bearbeitet werden. Heilung kann geschehen.<\/p>\n\n\n\n<p class=\"has-text-align-left\">Das kreative aber reflektierte Tun f\u00f6rdert die Selbstwahrnehmung und das Selbstbewusstsein. Es zeigt die F\u00e4higkeit auf, Einfluss nehmen zu k\u00f6nnen auf das Leben, das Selbst und die Beziehungen und Begegnungen.<\/p>\n\n\n\n<div class=\"wp-block-columns is-layout-flex wp-container-core-columns-is-layout-9d6595d7 wp-block-columns-is-layout-flex\">\n<div class=\"wp-block-column is-layout-flow wp-block-column-is-layout-flow\" style=\"flex-basis:100%\"><\/div>\n<\/div>\n\n\n\n<figure class=\"wp-block-gallery has-nested-images columns-default is-cropped wp-block-gallery-1 is-layout-flex wp-block-gallery-is-layout-flex\">\n<figure class=\"wp-block-image size-large\"><img loading=\"lazy\" decoding=\"async\" width=\"533\" height=\"400\" data-id=\"114\" src=\"wp-content\/uploads\/2025\/02\/11.jpg\" alt=\"\" class=\"wp-image-114\"\/><\/figure>\n\n\n\n<figure class=\"wp-block-image size-large\"><img loading=\"lazy\" decoding=\"async\" width=\"126\" height=\"210\" data-id=\"113\" src=\"wp-content\/uploads\/2025\/02\/10.jpg\" alt=\"\" class=\"wp-image-113\"\/><\/figure>\n\n\n\n<figure class=\"wp-block-image size-large\"><img loading=\"lazy\" decoding=\"async\" width=\"187\" height=\"210\" data-id=\"115\" src=\"wp-content\/uploads\/2025\/02\/12.jpg\" alt=\"\" class=\"wp-image-115\"\/><\/figure>\n\n\n\n<figure class=\"wp-block-image size-large\"><img loading=\"lazy\" decoding=\"async\" width=\"158\" height=\"210\" data-id=\"116\" src=\"wp-content\/uploads\/2025\/02\/13.jpg\" alt=\"\" class=\"wp-image-116\"\/><\/figure>\n\n\n\n<figure class=\"wp-block-image size-large\"><img loading=\"lazy\" decoding=\"async\" width=\"533\" height=\"400\" data-id=\"117\" src=\"wp-content\/uploads\/2025\/02\/14.jpg\" alt=\"\" class=\"wp-image-117\"\/><\/figure>\n<\/figure>\n\n\n\n<div style=\"height:75px\" aria-hidden=\"true\" class=\"wp-block-spacer\"><\/div>\n\n\n\n<p><strong><mark style=\"background-color:rgba(0, 0, 0, 0);color:#a8bf24\" class=\"has-inline-color\">Wann kann Mal- und Kunsttherapie hilfreich sein:<\/mark><\/strong><\/p>\n\n\n\n<ul class=\"wp-block-list\">\n<li>in Krisenzeiten und Ver\u00e4nderungsprozessen<\/li>\n\n\n\n<li>nach einem psychiatrischen Klinikaufenthalt<\/li>\n\n\n\n<li>bei Depressionen<\/li>\n\n\n\n<li>bei Burnout (akut und vorbeugend)<\/li>\n\n\n\n<li>Trauer &#8211; und Verlustarbeit<\/li>\n\n\n\n<li>nach einem traumatischen Erlebnis<\/li>\n<\/ul>\n\n\n\n<p class=\"has-text-align-left\">Eine Therapiesitzung (Maltherapie oder psychologische Beratung) dauert in der Regel ca. 1 &#8211; 1.5 Stunden.<\/p>\n\n\n\n<p>Kosten pro Stunde Fr. 120.00<\/p>\n\n\n\n<p class=\"has-text-align-left\"><strong><mark style=\"background-color:rgba(0, 0, 0, 0);color:#a8bf24\" class=\"has-inline-color\">Krankenkassen annerkannt:<\/mark><\/strong><br>Ich bin EMR anerkannt.<br>Viele Krankenkassen (Zusatzversicherung\/Alternativversicherung) \u00fcbernehmen die Therapiekosten oder einen grossen Anteil davon.<br>Bitte informieren Sie sich bei Ihrer Kasse.<\/p>\n","protected":false},"excerpt":{"rendered":"<p>Maltherapie \u2013 Kunsttherapie was ist das? Die Kunsttherapie ist eine spezielle, wirksame Behandlungsmethode, die mit gestalterischen Ausdrucksmitteln kombiniert mit dem Gespr\u00e4ch, prozess- und ressourcenorientiert arbeitet. Die Sprache ist ein kraftvolles, effektives Instrument in der Therapie. Manchmal reichen Worte aber einfach nicht aus um auszudr\u00fccken, was uns bewegt. Manchmal sind unsere Gef\u00fchle und Emotionen, ist unser Befinden jenseits der Sprache, jenseits der Worte. Ich nenne die inneren Bilder, die sich beim Malen und Gestalten zeigen d\u00fcrfen, gerne die Sprache der Seele. In der Mal- und Gestaltungstherapie wird unser Unterbewusstsein angesprochen. Der Bauch meldet sich. Diese unbewussten Anteile des Menschen, die sich in einem Bild oder einem Objekt ausdr\u00fccken d\u00fcrfen, werden in den Therapieprozess mit einbezogen. Es k\u00f6nnen einschr\u00e4nkende Verhaltensmuster erkannt und reflektiert werden. Im gesch\u00fctzten Raum k\u00f6nnen sich neue L\u00f6sungsans\u00e4tze zeigen, bestehende Bilder und Vorstellungen k\u00f6nnen \u00fcberpr\u00fcft&nbsp; und neue Vorgehensweisen ge\u00fcbt werden. Maltherapie ist eine spielerische, kreative, immer wieder \u00fcberraschende&nbsp;und sehr sinnliche Therapieform zur Bearbeitung einschr\u00e4nkender Muster sowie Linderung von psychischen und somatischen Beschwerden.&nbsp;In der Maltherapie&nbsp;darf sich Unbewusstes zeigen und ausdr\u00fccken. Was Ausdruck findet, kann bearbeitet werden. Heilung kann geschehen. Das kreative aber reflektierte Tun f\u00f6rdert die Selbstwahrnehmung und das Selbstbewusstsein. Es zeigt die F\u00e4higkeit auf, Einfluss nehmen zu k\u00f6nnen auf das Leben, das Selbst und die Beziehungen und Begegnungen. Wann kann Mal- und Kunsttherapie hilfreich sein: Eine Therapiesitzung (Maltherapie oder psychologische Beratung) dauert in der Regel ca. 1 &#8211; 1.5 Stunden. Kosten pro Stunde Fr. 120.00 Krankenkassen annerkannt:Ich bin EMR anerkannt.Viele Krankenkassen (Zusatzversicherung\/Alternativversicherung) \u00fcbernehmen die Therapiekosten oder einen grossen Anteil davon.Bitte informieren Sie sich bei Ihrer Kasse.<\/p>\n","protected":false},"author":1,"featured_media":0,"parent":0,"menu_order":0,"comment_status":"closed","ping_status":"closed","template":"","meta":{"footnotes":""},"class_list":["post-200","page","type-page","status-publish","hentry"],"_links":{"self":[{"href":"https:\/\/werkruum.ch\/index.php?rest_route=\/wp\/v2\/pages\/200","targetHints":{"allow":["GET"]}}],"collection":[{"href":"https:\/\/werkruum.ch\/index.php?rest_route=\/wp\/v2\/pages"}],"about":[{"href":"https:\/\/werkruum.ch\/index.php?rest_route=\/wp\/v2\/types\/page"}],"author":[{"embeddable":true,"href":"https:\/\/werkruum.ch\/index.php?rest_route=\/wp\/v2\/users\/1"}],"replies":[{"embeddable":true,"href":"https:\/\/werkruum.ch\/index.php?rest_route=%2Fwp%2Fv2%2Fcomments&post=200"}],"version-history":[{"count":9,"href":"https:\/\/werkruum.ch\/index.php?rest_route=\/wp\/v2\/pages\/200\/revisions"}],"predecessor-version":[{"id":298,"href":"https:\/\/werkruum.ch\/index.php?rest_route=\/wp\/v2\/pages\/200\/revisions\/298"}],"wp:attachment":[{"href":"https:\/\/werkruum.ch\/index.php?rest_route=%2Fwp%2Fv2%2Fmedia&parent=200"}],"curies":[{"name":"wp","href":"https:\/\/api.w.org\/{rel}","templated":true}]}}